by 178?
9
What is the remainder when 3421399 is divided by 4021?
3549
Calculate the remainder when 718963 is divided by 5659.
270
What is the remainder when 80382702 is divided by 6698?
4
What is the remainder when 6368206 is divided by 219593?
9
Calculate the remainder when 20573 is divided by 3006.
2537
What is the remainder when 162636 is divided by 1491?
117
Calculate the remainder when 972781389 is divided by 35.
34
What is the remainder when 347063 is divided by 115556?
395
Calculate the remainder when 992922 is divided by 1549.
13
Calculate the remainder when 27138731 is divided by 6784682.
3
Calculate the remainder when 1021374 is divided by 14591.
4
What is the remainder when 8162826 is divided by 7679?
49
What is the remainder when 5732153 is divided by 283?
271
Calculate the remainder when 76154 is divided by 2708.
330
What is the remainder when 13504234 is divided by 900280?
34
Calculate the remainder when 720021 is divided by 5412.
225
What is the remainder when 281057 is divided by 422?
5
What is the remainder when 113014 is divided by 4740?
3994
What is the remainder when 6573955 is divided by 10208?
3
Calculate the remainder when 3103880 is divided by 1083.
2
What is the remainder when 141891 is divided by 6160?
211
Calculate the remainder when 6729751 is divided by 3364842.
67
Calculate the remainder when 2508006750 is divided by 2031.
2028
Calculate the remainder when 238894 is divided by 2542.
2488
Calculate the remainder when 3095705 is divided by 2662.
2461
Calculate the remainder when 1599346 is divided by 114236.
42
Calculate the remainder when 68787 is divided by 12386.
6857
Calculate the remainder when 723009 is divided by 109.
12
Calculate the remainder when 2636369568 is divided by 118.
116
Calculate the remainder when 6560468 is divided by 364469.
26
Calculate the remainder when 152131595 is divided by 1251.
1238
Calculate the remainder when 1901879 is divided by 2913.
2603
Calculate the remainder when 467770 is divided by 116936.
26
Calculate the remainder when 6687071 is divided by 111451.
11
Calculate the remainder when 64606898 is divided by 54.
2
What is the remainder when 3105090 is divided by 1833?
1821
Calculate the remainder when 20285574 is divided by 25.
24
Calculate the remainder when 29714665 is divided by 6535.
20
What is the remainder when 1006153 is divided by 95?
8
Calculate the remainder when 16098967 is divided by 731764.
159
Calculate the remainder when 278194043 is divided by 1846.
1843
What is the remainder when 6308760 is divided by 280?
80
Calculate the remainder when 2341448 is divided by 55748.
32
Calculate the remainder when 53768202 is divided by 9.
6
Calculate the remainder when 48379 is divided by 23344.
1691
Calculate the remainder when 2143142 is divided by 1217.
5
What is the remainder when 11062 is divided by 9108?
1954
Calculate the remainder when 75121 is divided by 37535.
51
What is the remainder when 20700924 is divided by 81?
78
Calculate the remainder when 291683 is divided by 140430.
10823
What is the remainder when 13263 is divided by 1497?
1287
Calculate the remainder when 76107 is divided by 12142.
3255
What is the remainder when 1684371 is divided by 4?
3
Calculate the remainder when 1803588 is divided by 1444.
32
What is the remainder when 172513 is divided by 19162?
55
Calculate the remainder when 7205301 is divided by 23.
22
Calculate the remainder when 15311775 is divided by 5103922.
9
Calculate the remainder when 12700249 is divided by 4233406.
31
What is the remainder when 718752 is divided by 8?
0
What is the remainder when 40617 is divided by 110?
27
Calculate the remainder when 38161 is divided by 886.
63
Calculate the remainder when 239197 is divided by 13285.
67
Calculate the remainder when 1845508 is divided by 30754.
268
Calculate the remainder when 229161831 is divided by 11.
8
Calculate the remainder when 23470660 is divided by 1466.
0
What is the remainder when 815868 is divided by 815797?
71
Calculate the remainder when 441363 is divided by 6396.
39
Calculate the remainder when 1092909 is divided by 2838.
279
Calculate the remainder when 40801147 is divided by 25.
22
Calculate the remainder when 66967 is divided by 22006.
949
Calculate the remainder when 33366 is divided by 1329.
141
What is the remainder when 23649598 is divided by 52?
50
Calculate the remainder when 53199948 is divided by 9043.
9022
Calculate the remainder when 1803491 is divided by 1673.
1670
What is the remainder when 27225202 is divided by 1552?
18
What is the remainder when 84470 is divided by 10026?
4262
What is the remainder when 25763 is divided by 85?
8
What is the remainder when 51730 is divided by 6996?
2758
What is the remainder when 100412886 is divided by 1?
0
Calculate the remainder when 67185026 is divided by 181.
179
Calculate the remainder when 23479 is divided by 22048.
1431
Calculate the remainder when 1784109 is divided by 4092.
4089
Calculate the remainder when 1531247 is divided by 6406.
213
What is the remainder when 154911 is divided by 1780?
51
What is the remainder when 216724 is divided by 71656?
1756
Calculate the remainder when 1372042 is divided by 36.
10
Calculate the remainder when 145901 is divided by 10088.
4669
Calculate the remainder when 765818 is divided by 316.
150
Calculate the remainder when 274784 is divided by 91371.
671
Calculate the remainder when 2753528622 is divided by 527.
525
What is the remainder when 678760 is divided by 692?
600
Calculate the remainder when 73601169 is divided by 62.
39
Calculate the remainder when 57492 is divided by 8649.
5598
Calculate the remainder when 212887 is divided by 385.
367
What is the remainder when 1356472 is divided by 79792?
8
What is the remainder when 25678 is divided by 3665?
23
What is the remainder when 7812380 is divided by 223?
21
Calculate the remainder when 521946 is divided by 521946.
0
Calculate the remainder when 3095365 is divided by 4252.
4161
What is the remainder when 939315705 is divided by 11?
9
Calculate the remainder when 266679 is divided by 8080.
39
What is the remainder when 305075 is divided by 2119?
2058
Calculate the remainder when 151611 is divided by 492.
75
Calculate the remainder when 1342291 is divided by 4550.
41
What is the remainder when 6419315 is divided by 917042?
21
What is the remainder when 1326074 is divided by 1470?
134
Calculate the remainder when 1244077 is divided by 666.
655
What is the remainder when 59883227 is divided by 36?
35
Calculate the remainder when 35178 is divided by 1957.
1909
What is the remainder when 6253095 is divided by 116?
115
Calculate the remainder when 14620822 is divided by 552.
550
What is the remainder when 1849078 is divided by 1849076?
2
What is the remainder when 6140381 is divided by 5147?
10
What is the remainder when 329005 is divided by 4022?
3223
What is the remainder when 34963 is divided by 34587?
376
What is the remainder when 271508 is divided by 3770?
68
What is the remainder when 8950 is divided by 8934?
16
Calculate the remainder when 2544875 is divided by 621.
17
What is the remainder when 347871 is divided by 18304?
95
Calculate the remainder when 2949365 is divided by 113433.
107
Calculate the remainder when 30964 is divided by 7697.
176
Calculate the remainder when 3178278 is divided by 3056.
38
What is the remainder when 62291 is divided by 1131?
86
Calculate the remainder when 281985 is divided by 2633.
254
What is the remainder when 59102 is divided by 313?
258
What is the remainder when 859498 is divided by 429742?
14
Calculate the remainder when 27556692 is divided by 2296388.
36
What is the remainder when 190276 is divided by 67?
63
Calculate the remainder when 500591968 is divided by 47.
44
What is the remainder when 8457729 is divided by 422885?
29
What is the remainder when 105463308 is divided by 198?
192
Calculate the remainder when 869235 is divided by 1649.
212
Calculate the remainder when 5812204 is divided by 18335.
9
What is the remainder when 146777453 is divided by 119?
116
What is the remainder when 795661 is divided by 1949?
469
What is the remainder when 9879 is divided by 1722?
1269
Calculate the remainder when 98516209 is divided by 18.
13
What is the remainder when 37019 is divided b